{"id":2380,"date":"2025-09-02T17:19:12","date_gmt":"2025-09-02T17:19:12","guid":{"rendered":"https:\/\/www.latinoutlet.com\/?product=cesta-para-airfryier-19cm-d"},"modified":"2025-09-08T11:13:56","modified_gmt":"2025-09-08T11:13:56","slug":"cesta-para-airfryier-19cm-d","status":"publish","type":"product","link":"https:\/\/www.latinoutlet.com\/?product=cesta-para-airfryier-19cm-d","title":{"rendered":"CESTA PARA AIRFRYIER 19CM"},"content":{"rendered":"<p>Descripci\u00f3n del producto<\/p>\n<p>Descripci\u00f3n:<\/p>\n<p>Esta m\u00e1quina de cortar espiral de la patata manual de cuenta con hoja de acero inoxidable de alta calidad y cuerpo de aleaci\u00f3n de aluminio. Usted puede hacer delicioso de patatas fritas en cualquier momento que desee. Que no necesita energ\u00eda, respetuoso del medio ambiente.<\/p>\n<p>Adecuado para frutas y verduras. Conveniente y pr\u00e1ctico para su vida.<\/p>\n<p>caracteristicas:<\/p>\n<p>304 hoja de acero inoxidable, saludable y no t\u00f3xico, seguro para su uso. Alta calidad cuerpo de aleaci\u00f3n de aluminio, muy resistente y no se oxida. Suave y maneta mano arqueada proporciona un tacto c\u00f3modo de la mano. ventosa de goma de montaje en las marcas de fondo que es m\u00e1s estable cuando rodaja de patata. F\u00e1cil de usar, adecuado para la patata, r\u00e1bano, pepino, malanga, \u00f1ame y otras frutas, verduras.<\/p>\n<p>Especificaci\u00f3n:<\/p>\n<p>Condici\u00f3n: 100% nuevo<\/p>\n<p>Tipo de art\u00edculo: Patata m\u00e1quina de cortar<\/p>\n<p>Material: Acero inoxidable<\/p>\n<p>Color: Rojo (como se muestra en la imagen)<\/p>\n<p>Tama\u00f1o: Aprox. 27,5 * 10 * 13,5 cm \/ 10,83 * 3,94 * 5.31in<\/p>\n<p>Peso aproximado. 553g<\/p>\n","protected":false},"excerpt":{"rendered":"<p>Descripci\u00f3n del producto Descripci\u00f3n: Esta m\u00e1quina de cortar espiral de la patata manual de cuenta con hoja de acero inoxidable de alta calidad y cuerpo de aleaci\u00f3n de aluminio. Usted puede hacer delicioso de patatas fritas en cualquier momento que desee. Que no necesita energ\u00eda, respetuoso del medio ambiente. Adecuado para frutas y verduras. Conveniente [&hellip;]<\/p>\n","protected":false},"featured_media":2384,"comment_status":"open","ping_status":"closed","template":"","meta":{"pagelayer_contact_templates":[],"_pagelayer_content":""},"product_brand":[],"product_cat":[29,39],"product_tag":[],"class_list":{"0":"post-2380","1":"product","2":"type-product","3":"status-publish","4":"has-post-thumbnail","6":"product_cat-cocina","7":"product_cat-tecnologia","9":"first","10":"instock","11":"taxable","12":"shipping-taxable","13":"purchasable","14":"product-type-simple"},"aioseo_notices":[],"_links":{"self":[{"href":"https:\/\/www.latinoutlet.com\/index.php?rest_route=\/wp\/v2\/product\/2380","targetHints":{"allow":["GET"]}}],"collection":[{"href":"https:\/\/www.latinoutlet.com\/index.php?rest_route=\/wp\/v2\/product"}],"about":[{"href":"https:\/\/www.latinoutlet.com\/index.php?rest_route=\/wp\/v2\/types\/product"}],"replies":[{"embeddable":true,"href":"https:\/\/www.latinoutlet.com\/index.php?rest_route=%2Fwp%2Fv2%2Fcomments&post=2380"}],"wp:featuredmedia":[{"embeddable":true,"href":"https:\/\/www.latinoutlet.com\/index.php?rest_route=\/wp\/v2\/media\/2384"}],"wp:attachment":[{"href":"https:\/\/www.latinoutlet.com\/index.php?rest_route=%2Fwp%2Fv2%2Fmedia&parent=2380"}],"wp:term":[{"taxonomy":"product_brand","embeddable":true,"href":"https:\/\/www.latinoutlet.com\/index.php?rest_route=%2Fwp%2Fv2%2Fproduct_brand&post=2380"},{"taxonomy":"product_cat","embeddable":true,"href":"https:\/\/www.latinoutlet.com\/index.php?rest_route=%2Fwp%2Fv2%2Fproduct_cat&post=2380"},{"taxonomy":"product_tag","embeddable":true,"href":"https:\/\/www.latinoutlet.com\/index.php?rest_route=%2Fwp%2Fv2%2Fproduct_tag&post=2380"}],"curies":[{"name":"wp","href":"https:\/\/api.w.org\/{rel}","templated":true}]}}