{"id":2940,"date":"2025-09-04T20:30:44","date_gmt":"2025-09-04T20:30:44","guid":{"rendered":"https:\/\/www.latinoutlet.com\/?product=organizador-de-camisas"},"modified":"2025-09-04T20:32:16","modified_gmt":"2025-09-04T20:32:16","slug":"organizador-de-camisas","status":"publish","type":"product","link":"https:\/\/www.latinoutlet.com\/?product=organizador-de-camisas","title":{"rendered":"ORGANIZADOR DE CAMISAS"},"content":{"rendered":"<p>Tablero de carpeta de ropa para camisetas, organizador multifuncional de almacenamiento para el hogar, herramientas separadas, camiseta, carpeta de ropa, tablero, pr\u00e1ctico organizador de camisas cortas, almacenamiento multifuncional para el hogar, herramientas separadas<\/p>\n<p>Informaci\u00f3n del producto:<\/p>\n<p>El paquete incluye: 6 unidades de colores surtidos 1 verde, 2 transparente, 3 rosados)<\/p>\n<p>Tama\u00f1o: 26&#215;3, 2\/10 x pulgadas<\/p>\n<p>Material: pl\u00e1stico<\/p>\n<p>Caracter\u00edsticas: Hecho de pl\u00e1stico PP, duradero y de largo tiempo de servicio.<\/p>\n<p>Los organizadores encajan perfectamente en su armario para evitar que su ropa se arrugue y se arrugue. Funciona bien en sus armarios, cajones y estantes de tela, ideal para guardar camisas, camisetas y pantalones, pantalones cortos, pijamas, etc. Levanta el divisor para escoger el que necesitas, sin da\u00f1ar los dem\u00e1s.<\/p>\n","protected":false},"excerpt":{"rendered":"<p>Tablero de carpeta de ropa para camisetas, organizador multifuncional de almacenamiento para el hogar, herramientas separadas, camiseta, carpeta de ropa, tablero, pr\u00e1ctico organizador de camisas cortas, almacenamiento multifuncional para el hogar, herramientas separadas Informaci\u00f3n del producto: El paquete incluye: 6 unidades de colores surtidos 1 verde, 2 transparente, 3 rosados) Tama\u00f1o: 26&#215;3, 2\/10 x pulgadas [&hellip;]<\/p>\n","protected":false},"featured_media":2946,"comment_status":"open","ping_status":"closed","template":"","meta":{"pagelayer_contact_templates":[],"_pagelayer_content":""},"product_brand":[],"product_cat":[35],"product_tag":[],"class_list":{"0":"post-2940","1":"product","2":"type-product","3":"status-publish","4":"has-post-thumbnail","6":"product_cat-hogar","8":"first","9":"instock","10":"taxable","11":"shipping-taxable","12":"purchasable","13":"product-type-simple"},"aioseo_notices":[],"_links":{"self":[{"href":"https:\/\/www.latinoutlet.com\/index.php?rest_route=\/wp\/v2\/product\/2940","targetHints":{"allow":["GET"]}}],"collection":[{"href":"https:\/\/www.latinoutlet.com\/index.php?rest_route=\/wp\/v2\/product"}],"about":[{"href":"https:\/\/www.latinoutlet.com\/index.php?rest_route=\/wp\/v2\/types\/product"}],"replies":[{"embeddable":true,"href":"https:\/\/www.latinoutlet.com\/index.php?rest_route=%2Fwp%2Fv2%2Fcomments&post=2940"}],"wp:featuredmedia":[{"embeddable":true,"href":"https:\/\/www.latinoutlet.com\/index.php?rest_route=\/wp\/v2\/media\/2946"}],"wp:attachment":[{"href":"https:\/\/www.latinoutlet.com\/index.php?rest_route=%2Fwp%2Fv2%2Fmedia&parent=2940"}],"wp:term":[{"taxonomy":"product_brand","embeddable":true,"href":"https:\/\/www.latinoutlet.com\/index.php?rest_route=%2Fwp%2Fv2%2Fproduct_brand&post=2940"},{"taxonomy":"product_cat","embeddable":true,"href":"https:\/\/www.latinoutlet.com\/index.php?rest_route=%2Fwp%2Fv2%2Fproduct_cat&post=2940"},{"taxonomy":"product_tag","embeddable":true,"href":"https:\/\/www.latinoutlet.com\/index.php?rest_route=%2Fwp%2Fv2%2Fproduct_tag&post=2940"}],"curies":[{"name":"wp","href":"https:\/\/api.w.org\/{rel}","templated":true}]}}