{"id":3211,"date":"2025-09-05T16:11:09","date_gmt":"2025-09-05T16:11:09","guid":{"rendered":"https:\/\/www.latinoutlet.com\/?product=organizador-de-bolsas-ziploc"},"modified":"2025-09-05T16:12:38","modified_gmt":"2025-09-05T16:12:38","slug":"organizador-de-bolsas-ziploc","status":"publish","type":"product","link":"https:\/\/www.latinoutlet.com\/?product=organizador-de-bolsas-ziploc","title":{"rendered":"ORGANIZADOR DE BOLSAS ZIPLOC"},"content":{"rendered":"<p>DESCRIPCION:<\/p>\n<p>-Nuevo sistema de arreglos<\/p>\n<p>-F\u00e1cil de usar<\/p>\n<p>-Resolver el problema del espacio de almacenamiento<\/p>\n<p>-Resolver el problema ca\u00f3tico del pedido de almacenamiento<\/p>\n<p>-Proporcionar la soluci\u00f3n Ideal para un mejor uso del espacio y el estilo de vida<\/p>\n<p>-Se puede ordenar r\u00e1pidamente con 14 rieles para maximizar la utilizaci\u00f3n del espacio y optimizar el ahorro de espacio.<\/p>\n<p>-Nuevo dise\u00f1o de alta calidad y estructura interna \u00fanica.<\/p>\n<p>-Tipo cajonera uso conveniente.<\/p>\n<p>-Instalaci\u00f3n sencilla.<\/p>\n<p>-El material es seguro y duradero.<\/p>\n<p>-Tama\u00f1o: 32cm x 18cm x 3cm<\/p>\n","protected":false},"excerpt":{"rendered":"<p>DESCRIPCION: -Nuevo sistema de arreglos -F\u00e1cil de usar -Resolver el problema del espacio de almacenamiento -Resolver el problema ca\u00f3tico del pedido de almacenamiento -Proporcionar la soluci\u00f3n Ideal para un mejor uso del espacio y el estilo de vida -Se puede ordenar r\u00e1pidamente con 14 rieles para maximizar la utilizaci\u00f3n del espacio y optimizar el ahorro [&hellip;]<\/p>\n","protected":false},"featured_media":3220,"comment_status":"open","ping_status":"closed","template":"","meta":{"pagelayer_contact_templates":[],"_pagelayer_content":""},"product_brand":[],"product_cat":[35],"product_tag":[],"class_list":{"0":"post-3211","1":"product","2":"type-product","3":"status-publish","4":"has-post-thumbnail","6":"product_cat-hogar","8":"first","9":"instock","10":"taxable","11":"shipping-taxable","12":"purchasable","13":"product-type-simple"},"aioseo_notices":[],"_links":{"self":[{"href":"https:\/\/www.latinoutlet.com\/index.php?rest_route=\/wp\/v2\/product\/3211","targetHints":{"allow":["GET"]}}],"collection":[{"href":"https:\/\/www.latinoutlet.com\/index.php?rest_route=\/wp\/v2\/product"}],"about":[{"href":"https:\/\/www.latinoutlet.com\/index.php?rest_route=\/wp\/v2\/types\/product"}],"replies":[{"embeddable":true,"href":"https:\/\/www.latinoutlet.com\/index.php?rest_route=%2Fwp%2Fv2%2Fcomments&post=3211"}],"wp:featuredmedia":[{"embeddable":true,"href":"https:\/\/www.latinoutlet.com\/index.php?rest_route=\/wp\/v2\/media\/3220"}],"wp:attachment":[{"href":"https:\/\/www.latinoutlet.com\/index.php?rest_route=%2Fwp%2Fv2%2Fmedia&parent=3211"}],"wp:term":[{"taxonomy":"product_brand","embeddable":true,"href":"https:\/\/www.latinoutlet.com\/index.php?rest_route=%2Fwp%2Fv2%2Fproduct_brand&post=3211"},{"taxonomy":"product_cat","embeddable":true,"href":"https:\/\/www.latinoutlet.com\/index.php?rest_route=%2Fwp%2Fv2%2Fproduct_cat&post=3211"},{"taxonomy":"product_tag","embeddable":true,"href":"https:\/\/www.latinoutlet.com\/index.php?rest_route=%2Fwp%2Fv2%2Fproduct_tag&post=3211"}],"curies":[{"name":"wp","href":"https:\/\/api.w.org\/{rel}","templated":true}]}}