{"id":3268,"date":"2025-09-05T16:32:59","date_gmt":"2025-09-05T16:32:59","guid":{"rendered":"https:\/\/www.latinoutlet.com\/?product=esterilizador-de-cubirtos-d"},"modified":"2025-09-08T02:26:34","modified_gmt":"2025-09-08T02:26:34","slug":"esterilizador-de-cubirtos-d","status":"publish","type":"product","link":"https:\/\/www.latinoutlet.com\/?product=esterilizador-de-cubirtos-d","title":{"rendered":"ESTERILIZADOR DE CUBIERTOS"},"content":{"rendered":"<p>Esterilizaci\u00f3n continua: mediante el uso de chips inteligentes y sensores infrarrojos inteligentes, la desinfecci\u00f3n UV dual\/fotocatal\u00edtica se puede lograr durante 72 horas. Inducci\u00f3n inteligente: No es necesario abrir manualmente, sensor infrarrojo de 2M, esterilizaci\u00f3n eficiente en 1 minuto, mata al 99% de las bacterias. Capacidad adecuada: Puede contener 20 pares de palillos, o 6 pares de palillos y 12 tenedores y cucharas. Ahorro de energ\u00eda: No necesita luz solar directa, luces, luz natural, se puede cargar al ver la luz. F\u00e1cil de limpiar: dise\u00f1o Separable, f\u00e1cil de lavar. El orificio de drenaje en la parte inferior est\u00e1 ventilado y no es f\u00e1cil acumular agua. Descripci\u00f3n: Material: ABS Tama\u00f1o: aproximadamente 102*88*158mm\/4,01*3,46*6,22 pulgadas Longitud de onda Ultravioleta: 260-290nm Corriente de entrada: 450mA Voltaje de funcionamiento: CC 3,7 V Tiempo de Larga modo de reposo: 3 meses Energ\u00eda: USB Voltaje de salida: 3,7 V Capacidad de la bater\u00eda: 2000 mAh Temperatura de trabajo: -15-50C \u00b0<\/p>\n","protected":false},"excerpt":{"rendered":"<p>Esterilizaci\u00f3n continua: mediante el uso de chips inteligentes y sensores infrarrojos inteligentes, la desinfecci\u00f3n UV dual\/fotocatal\u00edtica se puede lograr durante 72 horas. Inducci\u00f3n inteligente: No es necesario abrir manualmente, sensor infrarrojo de 2M, esterilizaci\u00f3n eficiente en 1 minuto, mata al 99% de las bacterias. Capacidad adecuada: Puede contener 20 pares de palillos, o 6 pares [&hellip;]<\/p>\n","protected":false},"featured_media":3272,"comment_status":"open","ping_status":"closed","template":"","meta":{"pagelayer_contact_templates":[],"_pagelayer_content":""},"product_brand":[],"product_cat":[35],"product_tag":[],"class_list":{"0":"post-3268","1":"product","2":"type-product","3":"status-publish","4":"has-post-thumbnail","6":"product_cat-hogar","8":"first","9":"instock","10":"taxable","11":"shipping-taxable","12":"purchasable","13":"product-type-simple"},"aioseo_notices":[],"_links":{"self":[{"href":"https:\/\/www.latinoutlet.com\/index.php?rest_route=\/wp\/v2\/product\/3268","targetHints":{"allow":["GET"]}}],"collection":[{"href":"https:\/\/www.latinoutlet.com\/index.php?rest_route=\/wp\/v2\/product"}],"about":[{"href":"https:\/\/www.latinoutlet.com\/index.php?rest_route=\/wp\/v2\/types\/product"}],"replies":[{"embeddable":true,"href":"https:\/\/www.latinoutlet.com\/index.php?rest_route=%2Fwp%2Fv2%2Fcomments&post=3268"}],"wp:featuredmedia":[{"embeddable":true,"href":"https:\/\/www.latinoutlet.com\/index.php?rest_route=\/wp\/v2\/media\/3272"}],"wp:attachment":[{"href":"https:\/\/www.latinoutlet.com\/index.php?rest_route=%2Fwp%2Fv2%2Fmedia&parent=3268"}],"wp:term":[{"taxonomy":"product_brand","embeddable":true,"href":"https:\/\/www.latinoutlet.com\/index.php?rest_route=%2Fwp%2Fv2%2Fproduct_brand&post=3268"},{"taxonomy":"product_cat","embeddable":true,"href":"https:\/\/www.latinoutlet.com\/index.php?rest_route=%2Fwp%2Fv2%2Fproduct_cat&post=3268"},{"taxonomy":"product_tag","embeddable":true,"href":"https:\/\/www.latinoutlet.com\/index.php?rest_route=%2Fwp%2Fv2%2Fproduct_tag&post=3268"}],"curies":[{"name":"wp","href":"https:\/\/api.w.org\/{rel}","templated":true}]}}