{"id":5024,"date":"2025-09-16T16:23:45","date_gmt":"2025-09-16T16:23:45","guid":{"rendered":"https:\/\/www.latinoutlet.com\/?product=corrector-de-postura-chaleco"},"modified":"2025-09-16T16:24:46","modified_gmt":"2025-09-16T16:24:46","slug":"corrector-de-postura-chaleco","status":"publish","type":"product","link":"https:\/\/www.latinoutlet.com\/?product=corrector-de-postura-chaleco","title":{"rendered":"CORRECTOR DE POSTURA CHALECO"},"content":{"rendered":"<p>Corrector de Postura MASEDA FITNESS-POWER<br \/>\n\u00a1Mejora tu postura, alivia dolores y si\u00e9ntete con m\u00e1s confianza!<\/p>\n<p>Beneficios principales:<br \/>\nCorrige la postura de espalda y hombros<br \/>\nAyuda a prevenir joroba y molestias cervicales<br \/>\nReduce dolores por malas posturas al estar sentado mucho tiempo<br \/>\nIdeal para trabajo de oficina, estudio o entrenamientos<\/p>\n<p>Caracter\u00edsticas destacadas:<br \/>\n\u2022 Dise\u00f1o ergon\u00f3mico que se ajusta c\u00f3modamente<br \/>\n\u2022 Material el\u00e1stico y transpirable<br \/>\n\u2022 Tiras anchas para mejor soporte sin lastimar la piel<br \/>\n\u2022 Talla ajustable con velcro resistente<br \/>\n\u2022 Se puede usar debajo de la ropa<\/p>\n<p>Incluye:<br \/>\n1 Corrector de postura marca MASEDA<\/p>\n","protected":false},"excerpt":{"rendered":"<p>Corrector de Postura MASEDA FITNESS-POWER \u00a1Mejora tu postura, alivia dolores y si\u00e9ntete con m\u00e1s confianza! Beneficios principales: Corrige la postura de espalda y hombros Ayuda a prevenir joroba y molestias cervicales Reduce dolores por malas posturas al estar sentado mucho tiempo Ideal para trabajo de oficina, estudio o entrenamientos Caracter\u00edsticas destacadas: \u2022 Dise\u00f1o ergon\u00f3mico que [&hellip;]<\/p>\n","protected":false},"featured_media":5030,"comment_status":"open","ping_status":"closed","template":"","meta":{"pagelayer_contact_templates":[],"_pagelayer_content":""},"product_brand":[],"product_cat":[37],"product_tag":[],"class_list":{"0":"post-5024","1":"product","2":"type-product","3":"status-publish","4":"has-post-thumbnail","6":"product_cat-salud","8":"first","9":"instock","10":"taxable","11":"shipping-taxable","12":"purchasable","13":"product-type-simple"},"aioseo_notices":[],"_links":{"self":[{"href":"https:\/\/www.latinoutlet.com\/index.php?rest_route=\/wp\/v2\/product\/5024","targetHints":{"allow":["GET"]}}],"collection":[{"href":"https:\/\/www.latinoutlet.com\/index.php?rest_route=\/wp\/v2\/product"}],"about":[{"href":"https:\/\/www.latinoutlet.com\/index.php?rest_route=\/wp\/v2\/types\/product"}],"replies":[{"embeddable":true,"href":"https:\/\/www.latinoutlet.com\/index.php?rest_route=%2Fwp%2Fv2%2Fcomments&post=5024"}],"wp:featuredmedia":[{"embeddable":true,"href":"https:\/\/www.latinoutlet.com\/index.php?rest_route=\/wp\/v2\/media\/5030"}],"wp:attachment":[{"href":"https:\/\/www.latinoutlet.com\/index.php?rest_route=%2Fwp%2Fv2%2Fmedia&parent=5024"}],"wp:term":[{"taxonomy":"product_brand","embeddable":true,"href":"https:\/\/www.latinoutlet.com\/index.php?rest_route=%2Fwp%2Fv2%2Fproduct_brand&post=5024"},{"taxonomy":"product_cat","embeddable":true,"href":"https:\/\/www.latinoutlet.com\/index.php?rest_route=%2Fwp%2Fv2%2Fproduct_cat&post=5024"},{"taxonomy":"product_tag","embeddable":true,"href":"https:\/\/www.latinoutlet.com\/index.php?rest_route=%2Fwp%2Fv2%2Fproduct_tag&post=5024"}],"curies":[{"name":"wp","href":"https:\/\/api.w.org\/{rel}","templated":true}]}}