{"id":6484,"date":"2025-09-19T19:43:27","date_gmt":"2025-09-19T19:43:27","guid":{"rendered":"https:\/\/www.latinoutlet.com\/?product=linterna-led-multifuncional-7-usos"},"modified":"2025-09-19T19:44:36","modified_gmt":"2025-09-19T19:44:36","slug":"linterna-led-multifuncional-7-usos","status":"publish","type":"product","link":"https:\/\/www.latinoutlet.com\/?product=linterna-led-multifuncional-7-usos","title":{"rendered":"LINTERNA LED MULTIFUNCIONAL 7 USOS"},"content":{"rendered":"<p>Linterna LED Mini COB de Alta Potencia<\/p>\n<p>Compacta y potente, equipada con tecnolog\u00eda COB avanzada y bater\u00eda de gran capacidad. Ofrece iluminaci\u00f3n superior a 800 l\u00famenes y su lente convexa proyecta luz brillante en amplios \u00e1ngulos, ideal para acampar, pescar, caminar, reparar o explorar.<\/p>\n<p>Modos de luz<\/p>\n<p>Luz blanca brillante<\/p>\n<p>Luz blanca tenue<\/p>\n<p>Luz c\u00e1lida brillante<\/p>\n<p>Luz c\u00e1lida tenue<\/p>\n<p>Luz roja brillante<\/p>\n<p>Luz roja estrobosc\u00f3pica<\/p>\n<p>Modo s\u00faper brillante (pulsaci\u00f3n larga)<\/p>\n<p>Funciones destacadas<\/p>\n<p>La luz roja aumenta la visibilidad en la oscuridad, ayudando a prevenir accidentes.<\/p>\n<p>En emergencias, la luz roja permite atraer atenci\u00f3n y solicitar ayuda.<\/p>\n","protected":false},"excerpt":{"rendered":"<p>Linterna LED Mini COB de Alta Potencia Compacta y potente, equipada con tecnolog\u00eda COB avanzada y bater\u00eda de gran capacidad. Ofrece iluminaci\u00f3n superior a 800 l\u00famenes y su lente convexa proyecta luz brillante en amplios \u00e1ngulos, ideal para acampar, pescar, caminar, reparar o explorar. Modos de luz Luz blanca brillante Luz blanca tenue Luz c\u00e1lida [&hellip;]<\/p>\n","protected":false},"featured_media":6490,"comment_status":"open","ping_status":"closed","template":"","meta":{"pagelayer_contact_templates":[],"_pagelayer_content":""},"product_brand":[],"product_cat":[31,39,38],"product_tag":[],"class_list":{"0":"post-6484","1":"product","2":"type-product","3":"status-publish","4":"has-post-thumbnail","6":"product_cat-moda","7":"product_cat-tecnologia","8":"product_cat-vehiculos","10":"first","11":"instock","12":"taxable","13":"shipping-taxable","14":"purchasable","15":"product-type-simple"},"aioseo_notices":[],"_links":{"self":[{"href":"https:\/\/www.latinoutlet.com\/index.php?rest_route=\/wp\/v2\/product\/6484","targetHints":{"allow":["GET"]}}],"collection":[{"href":"https:\/\/www.latinoutlet.com\/index.php?rest_route=\/wp\/v2\/product"}],"about":[{"href":"https:\/\/www.latinoutlet.com\/index.php?rest_route=\/wp\/v2\/types\/product"}],"replies":[{"embeddable":true,"href":"https:\/\/www.latinoutlet.com\/index.php?rest_route=%2Fwp%2Fv2%2Fcomments&post=6484"}],"wp:featuredmedia":[{"embeddable":true,"href":"https:\/\/www.latinoutlet.com\/index.php?rest_route=\/wp\/v2\/media\/6490"}],"wp:attachment":[{"href":"https:\/\/www.latinoutlet.com\/index.php?rest_route=%2Fwp%2Fv2%2Fmedia&parent=6484"}],"wp:term":[{"taxonomy":"product_brand","embeddable":true,"href":"https:\/\/www.latinoutlet.com\/index.php?rest_route=%2Fwp%2Fv2%2Fproduct_brand&post=6484"},{"taxonomy":"product_cat","embeddable":true,"href":"https:\/\/www.latinoutlet.com\/index.php?rest_route=%2Fwp%2Fv2%2Fproduct_cat&post=6484"},{"taxonomy":"product_tag","embeddable":true,"href":"https:\/\/www.latinoutlet.com\/index.php?rest_route=%2Fwp%2Fv2%2Fproduct_tag&post=6484"}],"curies":[{"name":"wp","href":"https:\/\/api.w.org\/{rel}","templated":true}]}}